{"id":7119,"date":"2024-08-07T22:22:30","date_gmt":"2024-08-08T01:22:30","guid":{"rendered":"https:\/\/www.gobernanzauniversitaria.cl\/?page_id=7119"},"modified":"2026-03-31T10:45:04","modified_gmt":"2026-03-31T13:45:04","slug":"gobernanza-universitaria-impacto-resultados","status":"publish","type":"page","link":"https:\/\/www.gobernanzauniversitaria.cl\/?page_id=7119","title":{"rendered":"FONDECYT 1231766 | 2023 &#8211; 2027"},"content":{"rendered":"\n<div class=\"rii-proyecto-ficha\">\n\n  <div class=\"rii-proyecto-codigo\">FONDECYT 1231766 | 2023 \u2013 2027<\/div>\n\n  <h2 class=\"rii-proyecto-titulo\">Impacto del Liderazgo y el Clima Organizacional en los Resultados Investigativos de las Universidades de Chile<\/h2>\n\n  <hr>\n\n  <h3>Equipo<\/h3>\n\n  <div class=\"rii-proyecto-equipo\">\n\n    <div class=\"rii-proyecto-rol\">\n      <span class=\"rii-proyecto-rol-label\">Investigador Responsable<\/span>\n      <span class=\"rii-proyecto-rol-nombre\">Dr. Francisco Ganga Contreras<\/span>\n      <span style=\"font-size:13px;color:#6B7E99\">Universidad de Tarapac\u00e1 \u2014 Facultad de Educaci\u00f3n y Humanidades<\/span>\n    <\/div>\n\n    <div class=\"rii-proyecto-rol\">\n      <span class=\"rii-proyecto-rol-label\">Co-investigadores<\/span>\n      <ul>\n        <li>Dr. Juan Abello Romero \u2014 Universidad de Santiago de Chile, Facultad de Administraci\u00f3n y Econom\u00eda<\/li>\n        <li>Dr. Oscar Espinoza D\u00edaz \u2014 Universidad de Tarapac\u00e1, Facultad de Educaci\u00f3n y Humanidades<\/li>\n        <li>Mg. Nancy Rita Alarc\u00f3n Henr\u00edquez \u2014 Universidad de los Lagos, Departamento de Gobierno y Empresa<\/li>\n        <li>Dr. Patricio Viancos Gonz\u00e1lez \u2014 Universidad de Tarapac\u00e1, Vicerrector\u00eda de Desarrollo Estrat\u00e9gico<\/li>\n        <li>Dra. Wendolin Su\u00e1rez Amaya \u2014 Universidad Tecnol\u00f3gica Metropolitana, Direcci\u00f3n de Investigaci\u00f3n<\/li>\n      <\/ul>\n    <\/div>\n\n    <div class=\"rii-proyecto-rol\">\n      <span class=\"rii-proyecto-rol-label\">Investigadores Cooperaci\u00f3n Internacional<\/span>\n      <ul>\n        <li>Por definir<\/li>\n      <\/ul>\n    <\/div>\n\n    <div class=\"rii-proyecto-periodo\">\n      <span class=\"rii-proyecto-rol-label\">Per\u00edodo<\/span>\n      <span>2023 \u2013 2027<\/span>\n    <\/div>\n\n  <\/div>\n\n  <h3>Resumen<\/h3>\n\n  <p>La propuesta investigativa tiene como objeto de estudio la universidad, organizaci\u00f3n compleja que intenta abordar el reto de la formaci\u00f3n y generaci\u00f3n de conocimiento en un nuevo marco institucional que exige vincularse con su entorno econ\u00f3mico, social y cultural.<\/p>\n\n  <p>Los resultados investigativos de las universidades chilenas son bajos y muy heterog\u00e9neos. La investigaci\u00f3n se centra en el <strong>liderazgo universitario y sus efectos en el clima organizacional<\/strong>, variables que inciden en los resultados investigativos. La pregunta central es: \u00bfDe qu\u00e9 manera el liderazgo universitario impacta en el clima organizacional y en los respectivos resultados investigativos?<\/p>\n\n  <p>La <strong>hip\u00f3tesis general<\/strong> sostiene que en las universidades chilenas, el liderazgo de los m\u00e1ximos directivos y el clima organizacional son factores que influyen en los resultados investigativos. Se plantean tres hip\u00f3tesis espec\u00edficas: (H1) el liderazgo afecta el clima organizacional; (H2) el liderazgo influye en los resultados investigativos; (H3) el clima organizacional influye en los resultados investigativos.<\/p>\n\n  <p>El <strong>objetivo general<\/strong> es analizar las relaciones entre liderazgo y clima organizacional en las universidades chilenas para proponer un modelo explicativo validado emp\u00edricamente que determine su impacto en los resultados investigativos.<\/p>\n\n  <p>La <strong>metodolog\u00eda<\/strong> es no experimental con enfoque multimet\u00f3dico (cuantitativo y cualitativo), utilizando el estudio de casos con 18 universidades del sistema chileno, seleccionadas seg\u00fan propiedad institucional, producci\u00f3n cient\u00edfica y dimensi\u00f3n regional.<\/p>\n\n  <p>Los <strong>productos esperados<\/strong> incluyen: confirmaci\u00f3n o rechazo de las hip\u00f3tesis planteadas, identificaci\u00f3n de factores que componen los resultados investigativos, una herramienta para medir el clima organizacional universitario, y un modelo explicativo validado emp\u00edricamente del liderazgo universitario y su impacto en los resultados investigativos.<\/p>\n\n  <hr>\n\n  <h3>Productos del proyecto<\/h3>\n\n  <div class=\"rii-proyecto-publicaciones\">\n\n    <div class=\"rii-proyecto-pub\">\n      Ganga Contreras, F., Abello Romero, J. B., Viancos-Gonz\u00e1lez, P., S\u00e1ez-San Mart\u00edn, W., &amp; Andrade R\u00edos, L. (2024). Dimensiones de la evaluaci\u00f3n de universidades seg\u00fan escalas de valoraci\u00f3n: Percepci\u00f3n de los expertos latinoamericanos. <em>European Public &amp; Social Innovation Review<\/em>, 9, 1\u201322.\n      <a href=\"https:\/\/doi.org\/10.31637\/epsir-2024-1679\" target=\"_blank\" rel=\"noopener\">https:\/\/doi.org\/10.31637\/epsir-2024-1679<\/a>\n      <div class=\"rii-pub-badges\"><span class=\"rii-pub-badge rii-pub-badge-scopus\">Scopus<\/span><span class=\"rii-pub-badge rii-pub-badge-doi\">DOI<\/span><\/div>\n    <\/div>\n\n    <div class=\"rii-proyecto-pub\">\n      Ganga-Contreras, F., Rodr\u00edguez-Ponce, E., Pedraja-Rejas, L., &amp; Viancos-Gonz\u00e1lez, P. (2024). An analysis of Chilean universities based on their research outputs and funded projects (2008\u20132022). <em>Iberoamerican Journal of Science Measurement and Communication, 4<\/em>(2), 1\u201320.\n      <a href=\"https:\/\/doi.org\/10.47909\/ijsmc.127\" target=\"_blank\" rel=\"noopener\">https:\/\/doi.org\/10.47909\/ijsmc.127<\/a>\n      <div class=\"rii-pub-badges\"><span class=\"rii-pub-badge rii-pub-badge-scopus\">Scopus<\/span><span class=\"rii-pub-badge rii-pub-badge-doi\">DOI<\/span><\/div>\n    <\/div>\n\n    <div class=\"rii-proyecto-pub\">\n      Ganga-Contreras, F., Abello Romero, J. B., Viancos-Gonz\u00e1lez, P., Alarc\u00f3n, N., &amp; Su\u00e1rez-Amaya, W. (2025). Eficiencia de la investigaci\u00f3n en universidades chilenas: Una mirada desde el an\u00e1lisis envolvente de datos. <em>Iberoamerican Journal of Science Measurement and Communication, 5<\/em>(1), 1\u201320.\n      <a href=\"https:\/\/doi.org\/10.47909\/ijsmc.173\" target=\"_blank\" rel=\"noopener\">https:\/\/doi.org\/10.47909\/ijsmc.173<\/a>\n      <div class=\"rii-pub-badges\"><span class=\"rii-pub-badge rii-pub-badge-scopus\">Scopus<\/span><span class=\"rii-pub-badge rii-pub-badge-doi\">DOI<\/span><\/div>\n    <\/div>\n\n    <div class=\"rii-proyecto-pub\">\n      Ganga Contreras, F., Alarc\u00f3n Henr\u00edquez, N., Troncoso Ah\u00faes, E., &amp; Su\u00e1rez-Amaya, W. (2024). Representaci\u00f3n de g\u00e9nero en equipos editoriales y \u00f3rganos directivos de revistas cient\u00edficas Scopus: An\u00e1lisis para distintas \u00e1reas del conocimiento. <em>Profesional de la Informaci\u00f3n, 33<\/em>(5).\n      <a href=\"https:\/\/doi.org\/10.3145\/epi.2024.0508\" target=\"_blank\" rel=\"noopener\">https:\/\/doi.org\/10.3145\/epi.2024.0508<\/a>\n      <div class=\"rii-pub-badges\"><span class=\"rii-pub-badge rii-pub-badge-wos\">WoS<\/span><span class=\"rii-pub-badge rii-pub-badge-scopus\">Scopus<\/span><span class=\"rii-pub-badge rii-pub-badge-doi\">DOI<\/span><\/div>\n    <\/div>\n\n    <div class=\"rii-proyecto-pub\">\n      Castillo, J. A., Ganga Contreras, F., Viancos-Gonz\u00e1lez, P. J., &amp; Su\u00e1rez-Amaya, W. (2024). Mecanismos alineadores de intereses y su efecto en la gesti\u00f3n universitaria argentina: percepciones de expertos. <em>European Public &amp; Social Innovation Review<\/em>, 9, 1\u201324.\n      <a href=\"https:\/\/doi.org\/10.31637\/epsir-2024-1681\" target=\"_blank\" rel=\"noopener\">https:\/\/doi.org\/10.31637\/epsir-2024-1681<\/a>\n      <div class=\"rii-pub-badges\"><span class=\"rii-pub-badge rii-pub-badge-scopus\">Scopus<\/span><span class=\"rii-pub-badge rii-pub-badge-doi\">DOI<\/span><\/div>\n    <\/div>\n\n    <div class=\"rii-proyecto-pub\">\n      Ganga Contreras, F., Alarc\u00f3n, N., Su\u00e1rez-Amaya, W., &amp; \u00c1lvarez-Maldonado, D. (2024). Pr\u00e1cticas y pol\u00edticas editoriales de las revistas cient\u00edficas que incomodan a los autores. <em>Iberoamerican Journal of Science Measurement and Communication, 4<\/em>.\n      <div class=\"rii-pub-badges\"><span class=\"rii-pub-badge rii-pub-badge-scopus\">Scopus<\/span><\/div>\n    <\/div>\n\n    <div class=\"rii-proyecto-pub\">\n      Su\u00e1rez-Amaya, W., Ganga-Contreras, F. A., P\u00e9rez, M. F., &amp; Villegas, F. J. (2024). Percepci\u00f3n de barreras de g\u00e9nero para el ejercicio del liderazgo en una universidad estatal de Chile. <em>Fronteira: Journal of Social, Technological and Environmental Science, 13<\/em>(3), 185\u2013203.\n      <a href=\"https:\/\/doi.org\/10.21664\/2238-8869.2024v13i3.p185-203\" target=\"_blank\" rel=\"noopener\">https:\/\/doi.org\/10.21664\/2238-8869.2024v13i3.p185-203<\/a>\n      <div class=\"rii-pub-badges\"><span class=\"rii-pub-badge rii-pub-badge-scopus\">Scopus<\/span><span class=\"rii-pub-badge rii-pub-badge-doi\">DOI<\/span><\/div>\n    <\/div>\n\n    <div class=\"rii-proyecto-pub\">\n      Ganga-Contreras, F., Su\u00e1rez-Amaya, W., Alarc\u00f3n-Henr\u00edquez, N., Viancos-Gonz\u00e1lez, P., Henr\u00edquez-Fuentes, F., &amp; Abello-Romero, J. (2024). Scientific Production of the Relationship Between Leadership, Higher Education and Digital Transformation: A Bibliometric Analysis. <em>Interciencia, 49<\/em>(1), 8\u201318.\n      <div class=\"rii-pub-badges\"><span class=\"rii-pub-badge rii-pub-badge-scopus\">Scopus<\/span><\/div>\n    <\/div>\n\n  <\/div>\n\n<\/div>\n","protected":false},"excerpt":{"rendered":"<p>FONDECYT 1231766 | 2023 \u2013 2027 Impacto del Liderazgo y el Clima Organizacional en los Resultados Investigativos de las Universidades de Chile Equipo Investigador Responsable Dr. Francisco Ganga Contreras Universidad de Tarapac\u00e1 \u2014 Facultad de Educaci\u00f3n y Humanidades Co-investigadores Dr. Juan Abello Romero \u2014 Universidad de Santiago de Chile, Facultad de Administraci\u00f3n y Econom\u00eda Dr. [&hellip;]<\/p>\n","protected":false},"author":1,"featured_media":0,"parent":0,"menu_order":0,"comment_status":"closed","ping_status":"closed","template":"page-proyecto.php","meta":{"footnotes":""},"class_list":["post-7119","page","type-page","status-publish","hentry"],"_links":{"self":[{"href":"https:\/\/www.gobernanzauniversitaria.cl\/index.php?rest_route=\/wp\/v2\/pages\/7119","targetHints":{"allow":["GET"]}}],"collection":[{"href":"https:\/\/www.gobernanzauniversitaria.cl\/index.php?rest_route=\/wp\/v2\/pages"}],"about":[{"href":"https:\/\/www.gobernanzauniversitaria.cl\/index.php?rest_route=\/wp\/v2\/types\/page"}],"author":[{"embeddable":true,"href":"https:\/\/www.gobernanzauniversitaria.cl\/index.php?rest_route=\/wp\/v2\/users\/1"}],"replies":[{"embeddable":true,"href":"https:\/\/www.gobernanzauniversitaria.cl\/index.php?rest_route=%2Fwp%2Fv2%2Fcomments&post=7119"}],"version-history":[{"count":16,"href":"https:\/\/www.gobernanzauniversitaria.cl\/index.php?rest_route=\/wp\/v2\/pages\/7119\/revisions"}],"predecessor-version":[{"id":204968,"href":"https:\/\/www.gobernanzauniversitaria.cl\/index.php?rest_route=\/wp\/v2\/pages\/7119\/revisions\/204968"}],"wp:attachment":[{"href":"https:\/\/www.gobernanzauniversitaria.cl\/index.php?rest_route=%2Fwp%2Fv2%2Fmedia&parent=7119"}],"curies":[{"name":"wp","href":"https:\/\/api.w.org\/{rel}","templated":true}]}}