{"id":6938,"date":"2024-06-29T11:41:20","date_gmt":"2024-06-29T14:41:20","guid":{"rendered":"https:\/\/www.gobernanzauniversitaria.cl\/?page_id=6938"},"modified":"2025-01-17T10:20:54","modified_gmt":"2025-01-17T13:20:54","slug":"coloquios-en-educacion-superior-y-gobernanza-universitaria","status":"publish","type":"page","link":"https:\/\/www.gobernanzauniversitaria.cl\/?page_id=6938","title":{"rendered":"Coloquios en Educaci\u00f3n Superior y Gobernanza Universitaria"},"content":{"rendered":"<p><div class=\"wbc-row\"><div class=\"wbc-col wbc-col-8\"><h2 class=\"wbc-heading \" style=\"\">Coloquios en Educaci\u00f3n Superior y Gobernanza Universitaria<\/h2><hr class=\"wbc-separator\" style=\"border-color:blue;\" \/><div class=\"wbc-text\"><\/p>\n<p style=\"text-align: justify\">Estos eventos mensuales fomentan la discusi\u00f3n de diversos temas relacionados con la educaci\u00f3n superior y el gobierno universitario a trav\u00e9s de conferencias breves impartidas por expertos en la materia. Estas charlas se basan en investigaciones en curso, publicaciones recientes, teor\u00edas y opiniones derivadas de la experiencia personal, seguidas de una sesi\u00f3n de preguntas sobre los temas abordados. La duraci\u00f3n total de cada evento es de aproximadamente una hora y media.<\/p>\n<p style=\"text-align: justify\">Aunque se llevan a cabo de manera presencial en la sede de Santiago de la Universidad de Los Lagos, tambi\u00e9n se transmiten en vivo a trav\u00e9s de redes sociales, permitiendo la participaci\u00f3n y asistencia de personas de diferentes partes del mundo interesadas en la tem\u00e1tica. Los participantes virtuales pueden intervenir mediante una conversaci\u00f3n abierta en la plataforma social YouTube o simplemente ser observadores.<\/p>\n<p style=\"text-align: justify\">La actividad est\u00e1 organizada por los integrantes del Programa de Investigaci\u00f3n sobre Gobernanza e Inclusi\u00f3n Organizacional (PRIGO) y se enmarca en el proyecto Fondecyt Regular 1161353 (2016-2019): &#8220;Formas de gobierno y modelos de valoraci\u00f3n del desempe\u00f1o universitario en Iberoam\u00e9rica: un estudio bajo un enfoque organizacional multi-te\u00f3rico&#8221;.<\/p>\n<p style=\"text-align: justify\">Para m\u00e1s informaci\u00f3n, puede leer los res\u00famenes incluidos en el siguiente listado o visitar nuestro historial de noticias:<\/p>\n<p><\/div><div class=\"wbc-empty-space\" style=\"height:32px;\" aria-hidden=\"true\"><\/div><\/div><div class=\"wbc-col wbc-col-4\"><div class=\"wbc-empty-space\" style=\"height:100px;\" aria-hidden=\"true\"><\/div><div class=\"wbc-single-image\" style=\"text-align:right;\"><\/div><div class=\"wbc-single-image\" style=\"text-align:right;\"><\/div><\/div><\/div><div class=\"wbc-row\"><div class=\"wbc-col wbc-col-12\"><h2 class=\"wbc-heading \" style=\"\">Historico de noticias<\/h2><hr class=\"wbc-separator\" style=\"border-color:turquoise;\" \/>[dt_blog_carousel posts_offset=&#8221;0&#8243; post_date=&#8221;n&#8221; post_category=&#8221;n&#8221; post_author=&#8221;n&#8221; post_comments=&#8221;n&#8221; read_more_button_text=&#8221;Leer&#8221; arrow_bg_width=&#8221;36x&#8221; arrow_border_width=&#8221;0px&#8221; r_arrow_icon_paddings=&#8221;0px 0px 0px 0px&#8221; r_arrow_v_offset=&#8221;0px&#8221; l_arrow_icon_paddings=&#8221;0px 0px 0px 0px&#8221; l_arrow_v_offset=&#8221;0px&#8221; category=&#8221;51&#8243;]<\/div><\/div><\/p>\n","protected":false},"excerpt":{"rendered":"","protected":false},"author":1,"featured_media":0,"parent":0,"menu_order":0,"comment_status":"closed","ping_status":"closed","template":"","meta":{"footnotes":""},"class_list":["post-6938","page","type-page","status-publish","hentry"],"_links":{"self":[{"href":"https:\/\/www.gobernanzauniversitaria.cl\/index.php?rest_route=\/wp\/v2\/pages\/6938","targetHints":{"allow":["GET"]}}],"collection":[{"href":"https:\/\/www.gobernanzauniversitaria.cl\/index.php?rest_route=\/wp\/v2\/pages"}],"about":[{"href":"https:\/\/www.gobernanzauniversitaria.cl\/index.php?rest_route=\/wp\/v2\/types\/page"}],"author":[{"embeddable":true,"href":"https:\/\/www.gobernanzauniversitaria.cl\/index.php?rest_route=\/wp\/v2\/users\/1"}],"replies":[{"embeddable":true,"href":"https:\/\/www.gobernanzauniversitaria.cl\/index.php?rest_route=%2Fwp%2Fv2%2Fcomments&post=6938"}],"version-history":[{"count":1,"href":"https:\/\/www.gobernanzauniversitaria.cl\/index.php?rest_route=\/wp\/v2\/pages\/6938\/revisions"}],"predecessor-version":[{"id":7428,"href":"https:\/\/www.gobernanzauniversitaria.cl\/index.php?rest_route=\/wp\/v2\/pages\/6938\/revisions\/7428"}],"wp:attachment":[{"href":"https:\/\/www.gobernanzauniversitaria.cl\/index.php?rest_route=%2Fwp%2Fv2%2Fmedia&parent=6938"}],"curies":[{"name":"wp","href":"https:\/\/api.w.org\/{rel}","templated":true}]}}

Coloquios en Educación Superior y Gobernanza Universitaria

<p><div class="wbc-row"><div class="wbc-col wbc-col-8"><h2 class="wbc-heading " style="">Coloquios en Educación Superior y Gobernanza Universitaria</h2><hr class="wbc-separator" style="border-color:blue;" /><div class="wbc-text"></p>
<p style="text-align: justify">Estos eventos mensuales fomentan la discusión de diversos temas relacionados con la educación superior y el gobierno universitario a través de conferencias breves impartidas por expertos en la materia. Estas charlas se basan en investigaciones en curso, publicaciones recientes, teorías y opiniones derivadas de la experiencia personal, seguidas de una sesión de preguntas sobre los temas abordados. La duración total de cada evento es de aproximadamente una hora y media.</p>
<p style="text-align: justify">Aunque se llevan a cabo de manera presencial en la sede de Santiago de la Universidad de Los Lagos, también se transmiten en vivo a través de redes sociales, permitiendo la participación y asistencia de personas de diferentes partes del mundo interesadas en la temática. Los participantes virtuales pueden intervenir mediante una conversación abierta en la plataforma social YouTube o simplemente ser observadores.</p>
<p style="text-align: justify">La actividad está organizada por los integrantes del Programa de Investigación sobre Gobernanza e Inclusión Organizacional (PRIGO) y se enmarca en el proyecto Fondecyt Regular 1161353 (2016-2019): &#8220;Formas de gobierno y modelos de valoración del desempeño universitario en Iberoamérica: un estudio bajo un enfoque organizacional multi-teórico&#8221;.</p>
<p style="text-align: justify">Para más información, puede leer los resúmenes incluidos en el siguiente listado o visitar nuestro historial de noticias:</p>
<p></div><div class="wbc-empty-space" style="height:32px;" aria-hidden="true"></div></div><div class="wbc-col wbc-col-4"><div class="wbc-empty-space" style="height:100px;" aria-hidden="true"></div><div class="wbc-single-image" style="text-align:right;"></div><div class="wbc-single-image" style="text-align:right;"></div></div></div><div class="wbc-row"><div class="wbc-col wbc-col-12"><h2 class="wbc-heading " style="">Historico de noticias</h2><hr class="wbc-separator" style="border-color:turquoise;" />[dt_blog_carousel posts_offset=&#8221;0&#8243; post_date=&#8221;n&#8221; post_category=&#8221;n&#8221; post_author=&#8221;n&#8221; post_comments=&#8221;n&#8221; read_more_button_text=&#8221;Leer&#8221; arrow_bg_width=&#8221;36x&#8221; arrow_border_width=&#8221;0px&#8221; r_arrow_icon_paddings=&#8221;0px 0px 0px 0px&#8221; r_arrow_v_offset=&#8221;0px&#8221; l_arrow_icon_paddings=&#8221;0px 0px 0px 0px&#8221; l_arrow_v_offset=&#8221;0px&#8221; category=&#8221;51&#8243;]</div></div></p>
