{"id":6931,"date":"2024-06-28T21:04:00","date_gmt":"2024-06-29T00:04:00","guid":{"rendered":"https:\/\/www.gobernanzauniversitaria.cl\/?page_id=6931"},"modified":"2026-03-31T11:16:03","modified_gmt":"2026-03-31T14:16:03","slug":"6931-2","status":"publish","type":"page","link":"https:\/\/www.gobernanzauniversitaria.cl\/?page_id=6931","title":{"rendered":"FONDECYT 1131134 | 2013 &#8211; 2016"},"content":{"rendered":"\n<div class=\"rii-proyecto-ficha\">\n<div class=\"rii-proyecto-codigo\">FONDECYT 1131134 | 2013 \u2013 2016<\/div>\n<h2 class=\"rii-proyecto-titulo\">Sistemas de Gobierno de las Universidades Iberoamericanas: Un An\u00e1lisis desde la Teor\u00eda de Agencia<\/h2>\n<hr>\n<h3>Equipo<\/h3>\n<div class=\"rii-proyecto-equipo\">\n<div class=\"rii-proyecto-rol\"><span class=\"rii-proyecto-rol-label\">Investigador Responsable<\/span><span class=\"rii-proyecto-rol-nombre\">Dr. Francisco Ganga Contreras<\/span><\/div>\n<div class=\"rii-proyecto-rol\"><span class=\"rii-proyecto-rol-label\">Co-investigadores<\/span><ul><li>Dr. Juan Abello Romero<\/li><\/ul><\/div>\n<div class=\"rii-proyecto-rol\"><span class=\"rii-proyecto-rol-label\">Investigadores Cooperaci\u00f3n Internacional<\/span><ul><li>Dra. Wendolin Suarez Amaya (Universidad Zulia, Venezuela)<\/li><li>Dr. Acosta Silva Adri\u00e1n (Universidad de Guadalajara, M\u00e9xico)<\/li><\/ul><\/div>\n<div class=\"rii-proyecto-periodo\"><span class=\"rii-proyecto-rol-label\">Per\u00edodo<\/span><span>2013 \u2013 2016<\/span><\/div>\n<\/div>\n<h3>Resumen<\/h3>\n<p>El estudio cont\u00f3 con el respaldo del FONDECYT en su modalidad Regular 2013. La investigaci\u00f3n tuvo por investigador principal al Dr. Francisco Ganga, y por co-investigador al Dr. Juan Abello, ambos del Departamento de Ciencias del Desarrollo de la Universidad de Los Lagos.<\/p>\n<p>La investigaci\u00f3n posibilit\u00f3 recopilar 981 estatutos y 232 documentos complementarios que norman las formas como se gobiernan las universidades en Iberoam\u00e9rica. Logr\u00f3 aplicar 854 encuestas a autoridades de universidades estatales, privadas y confesionales de toda Latinoam\u00e9rica.<\/p>\n<hr>\n<h3>Productos del proyecto<\/h3>\n<div class=\"rii-proyecto-publicaciones\">\n<div class=\"rii-proyecto-pub\">Ganga Contreras, F. A., Ramos Hidalgo, M. E., Leal Mill\u00e1n, A. G., &amp; Valdivieso Fern\u00e1ndez, P. E. (2015). Teor\u00eda de agencia (TA): supuestos te\u00f3ricos aplicables a la gesti\u00f3n universitaria. <em>Innovar, 25<\/em>(57), 11\u201325. <a href=\"https:\/\/doi.org\/10.15446\/innovar.v25n57.50324\" target=\"_blank\">https:\/\/doi.org\/10.15446\/innovar.v25n57.50324<\/a><div class=\"rii-pub-badges\"><span class=\"rii-pub-badge rii-pub-badge-scopus\">Scopus<\/span><span class=\"rii-pub-badge rii-pub-badge-doi\">DOI<\/span><\/div><\/div>\n<div class=\"rii-proyecto-pub\">Maluk Uriguen, S. A., Quiroz Castillo, J., &amp; Ganga Contreras, F. (2015). \u00bfQu\u00e9 hay de nuevo en la Teor\u00eda de Agencia? <em>Prisma Social<\/em>, (15), 685\u2013707. <a href=\"https:\/\/www.redalyc.org\/articulo.oa?id=353744533019\" target=\"_blank\">Ver art\u00edculo<\/a><div class=\"rii-pub-badges\"><span class=\"rii-pub-badge rii-pub-badge-redalyc\">Redalyc<\/span><\/div><\/div>\n<div class=\"rii-proyecto-pub\">Ganga, F., Garrido, O., Abello, J., &amp; Karen, L. (2015). Intereses divergentes en las universidades de Chile. <em>Opci\u00f3n, 30<\/em>(75). <a href=\"https:\/\/produccioncientificaluz.org\/index.php\/opcion\/article\/view\/19519\" target=\"_blank\">Ver art\u00edculo<\/a><\/div>\n<\/div>\n<\/div>\n","protected":false},"excerpt":{"rendered":"<p>FONDECYT 1131134 | 2013 \u2013 2016 Sistemas de Gobierno de las Universidades Iberoamericanas: Un An\u00e1lisis desde la Teor\u00eda de Agencia Equipo Investigador ResponsableDr. Francisco Ganga Contreras Co-investigadores Dr. Juan Abello Romero Investigadores Cooperaci\u00f3n Internacional Dra. Wendolin Suarez Amaya (Universidad Zulia, Venezuela) Dr. Acosta Silva Adri\u00e1n (Universidad de Guadalajara, M\u00e9xico) Per\u00edodo2013 \u2013 2016 Resumen El estudio [&hellip;]<\/p>\n","protected":false},"author":1,"featured_media":0,"parent":7638,"menu_order":0,"comment_status":"closed","ping_status":"closed","template":"page-proyecto.php","meta":{"footnotes":""},"class_list":["post-6931","page","type-page","status-publish","hentry"],"_links":{"self":[{"href":"https:\/\/www.gobernanzauniversitaria.cl\/index.php?rest_route=\/wp\/v2\/pages\/6931","targetHints":{"allow":["GET"]}}],"collection":[{"href":"https:\/\/www.gobernanzauniversitaria.cl\/index.php?rest_route=\/wp\/v2\/pages"}],"about":[{"href":"https:\/\/www.gobernanzauniversitaria.cl\/index.php?rest_route=\/wp\/v2\/types\/page"}],"author":[{"embeddable":true,"href":"https:\/\/www.gobernanzauniversitaria.cl\/index.php?rest_route=\/wp\/v2\/users\/1"}],"replies":[{"embeddable":true,"href":"https:\/\/www.gobernanzauniversitaria.cl\/index.php?rest_route=%2Fwp%2Fv2%2Fcomments&post=6931"}],"version-history":[{"count":10,"href":"https:\/\/www.gobernanzauniversitaria.cl\/index.php?rest_route=\/wp\/v2\/pages\/6931\/revisions"}],"predecessor-version":[{"id":204969,"href":"https:\/\/www.gobernanzauniversitaria.cl\/index.php?rest_route=\/wp\/v2\/pages\/6931\/revisions\/204969"}],"up":[{"embeddable":true,"href":"https:\/\/www.gobernanzauniversitaria.cl\/index.php?rest_route=\/wp\/v2\/pages\/7638"}],"wp:attachment":[{"href":"https:\/\/www.gobernanzauniversitaria.cl\/index.php?rest_route=%2Fwp%2Fv2%2Fmedia&parent=6931"}],"curies":[{"name":"wp","href":"https:\/\/api.w.org\/{rel}","templated":true}]}}